{"id":1076,"date":"2020-12-23T16:56:51","date_gmt":"2020-12-23T13:56:51","guid":{"rendered":"https:\/\/gsfgida.com.tr\/?page_id=1076"},"modified":"2020-12-23T16:56:52","modified_gmt":"2020-12-23T13:56:52","slug":"aydinlatma-metni","status":"publish","type":"page","link":"https:\/\/gsfgida.com.tr\/?page_id=1076","title":{"rendered":"Ayd\u0131nlatma Metni"},"content":{"rendered":"\n<p><strong>Veri Sorumlusu ve \u0130lgili Ki\u015fi Bilgisi<\/strong><\/p>\n\n\n\n<p>6698 say\u0131l\u0131 Ki\u015fisel Verilerin Korunmas\u0131 Kanunu\u2019na g\u00f6re haz\u0131rlanm\u0131\u015f olup,&nbsp;<strong><em>GSF GIDA SANAY\u0130 FAB. \u00dcRET\u0130M SAN. VE T\u0130C. A.\u015e<\/em><\/strong> sizinle ilgili ki\u015fisel verileri i\u015flemesi, veri i\u015fleme ama\u00e7lar\u0131n\u0131 belirlemesi, veri i\u015fleme sisteminin kurulmas\u0131 ve i\u015fletilmesi sebebiyle veri sorumlusudur.&nbsp;<strong><em>GSF GIDA SANAY\u0130 FAB. \u00dcRET\u0130M SAN. VE T\u0130C. A.\u015e <\/em><\/strong>taraf\u0131ndan, ki\u015fisel verisi i\u015flenen ger\u00e7ek ki\u015filer, kanun taraf\u0131ndan ilgili ki\u015fi olarak kabul edilmektedir.<\/p>\n\n\n\n<p>Kanunun Ayd\u0131nlatma Y\u00fck\u00fcml\u00fcl\u00fc\u011f\u00fcn\u00fc d\u00fczenleyen 10\u2019ncu maddesine g\u00f6re, veri sorumlular\u0131, ki\u015fisel verilerini i\u015fledikleri ger\u00e7ek ki\u015fileri, veri i\u015fleme ile ilgili konularda bilgilendirmekle y\u00fck\u00fcml\u00fcd\u00fcr.<\/p>\n\n\n\n<p>Bu metin, ilgili ki\u015fi olarak sizi bilgilendirmeye y\u00f6nelik haz\u0131rlanm\u0131\u015f olup, ilgili ki\u015finin (veri sahibinin) ve veri sorumlusunun hak ve y\u00fck\u00fcml\u00fcl\u00fcklerini i\u00e7ermektedir.<\/p>\n\n\n\n<p>Veri Sorumlusunun<\/p>\n\n\n\n<p>Ad\u0131\/Soyad\u0131 \/ Unvan\u0131&nbsp;&nbsp; :<strong><em> <\/em><\/strong><strong><em>GSF GIDA SANAY\u0130 FAB. \u00dcRET\u0130M SAN. VE T\u0130C. A.\u015e<\/em><\/strong><\/p>\n\n\n\n<p>Posta Adresi&nbsp; &nbsp; &nbsp; &nbsp; &nbsp; &nbsp; &nbsp; : <strong>Osman Bey K\u00f6y\u00fc K\u00f6y Sk. No:302 Akyaz\u0131 \/ Sakarya<\/strong><\/p>\n\n\n\n<p>Telefon&nbsp;&nbsp;&nbsp;&nbsp;&nbsp;&nbsp;&nbsp;&nbsp;&nbsp;&nbsp;&nbsp;&nbsp;&nbsp;&nbsp;&nbsp;&nbsp;&nbsp;&nbsp;&nbsp;&nbsp;&nbsp;&nbsp; : <a href=\"tel:+902644477030\">90 264 447 70 30<\/a><\/p>\n\n\n\n<p>E-posta&nbsp;&nbsp;&nbsp;&nbsp;&nbsp;&nbsp;&nbsp;&nbsp;&nbsp;&nbsp;&nbsp;&nbsp;&nbsp;&nbsp;&nbsp;&nbsp;&nbsp;&nbsp;&nbsp;&nbsp;&nbsp;&nbsp; : <a href=\"mailto:kvkk@gsfgida.com.tr\">kvkk@gsfgida.com.tr<\/a><\/p>\n\n\n\n<p>\u0130nternet Adresi&nbsp; &nbsp; &nbsp; &nbsp; &nbsp; : <a href=\"http:\/\/www.gsfgida.com.tr\">www.gsfgida.com.tr<\/a><\/p>\n\n\n\n<p><strong>Ki\u015fisel Veri \u0130\u015fleme Ama\u00e7lar\u0131 ve \u0130\u015flenen Veriler<\/strong><\/p>\n\n\n\n<p><strong><em>Ziyaret\u00e7i, \u00e7al\u0131\u015fan aday\u0131, \u00e7al\u0131\u015fan, tedarik\u00e7i ve m\u00fc\u015fterilerimize&nbsp;<\/em><\/strong>y\u00f6nelik, \u015firket g\u00fcvenli\u011finin sa\u011flanabilmesi, \u015firketin \u00f6zel alanlar\u0131na giri\u015f \u00e7\u0131k\u0131\u015flar\u0131n g\u00fcvenli\u011finin sa\u011flanabilmesi, \u015firket i\u00e7i yetkilendirmelerin sa\u011flanabilmesi, ve ilgili di\u011fer mevzuatlar\u0131n\u0131n yerine getirilmesi ama\u00e7lar\u0131na y\u00f6nelik olarak a\u015fa\u011f\u0131da belirtilen ki\u015fisel verileriniz i\u015flenmektedir. Ki\u015fisel veriler, her t\u00fcrl\u00fc s\u00f6zl\u00fc, yaz\u0131l\u0131 ya da elektronik ortamda i\u015fbu ayd\u0131nlatma metninde belirtilen ama\u00e7lar do\u011frultusunda toplanmaktad\u0131r.<\/p>\n\n\n\n<p><strong><em>Ziyaret\u00e7i, \u00e7al\u0131\u015fan aday\u0131, \u00e7al\u0131\u015fan, tedarik\u00e7i ve m\u00fc\u015fterilerimize&nbsp;<\/em><\/strong>y\u00f6nelik olarak ki\u015fisel veriler,<\/p>\n\n\n\n<ul><li>Kanunlarda a\u00e7\u0131k\u00e7a \u00f6ng\u00f6r\u00fclmesi,<\/li><li>\u0130lgili ki\u015finin temel hak ve \u00f6zg\u00fcrl\u00fcklerine zarar vermemek kayd\u0131yla, veri sorumlusunun me\u015fru menfaatleri i\u00e7in veri i\u015flenmesinin zorunlu olmas\u0131 hukuki sebeplerine dayan\u0131larak i\u015flenmektedir.<\/li><\/ul>\n\n\n\n<p><strong><em>Ziyaret\u00e7i, \u00e7al\u0131\u015fan aday\u0131, \u00e7al\u0131\u015fan, tedarik\u00e7i ve m\u00fc\u015fterilerimize&nbsp;<\/em><\/strong>y\u00f6nelik i\u015flenen veriler ise a\u015fa\u011f\u0131daki kategorilerde yer alan ki\u015fisel verilerdir.<\/p>\n\n\n\n<ul><li>Fiziksel Mekan G\u00fcvenlik Bilgisi<\/li><li>G\u00f6rsel ve \u0130\u015fitsel Veri<\/li><li>Kimlik Bilgisi<\/li><\/ul>\n\n\n\n<p>Belirtilen veri kategorilerinde hangi verilerin bulundu\u011fu ise veri sorumlusu olarak d\u00fczenledi\u011fimiz veri haritas\u0131nda ayr\u0131nt\u0131l\u0131 olarak bulunmaktad\u0131r.<\/p>\n\n\n\n<p><strong>\u0130\u015flenen Ki\u015fisel Veriler Edinim Y\u00f6ntemi<\/strong><\/p>\n\n\n\n<p>\u0130\u015flenen ki\u015fisel verileriniz, yaz\u0131l\u0131, s\u00f6zl\u00fc, g\u00f6rsel ve ses kay\u0131t sistemi ve e-posta arac\u0131l\u0131\u011f\u0131 ile siz veri sahibinden ve \u00fc\u00e7\u00fcnc\u00fc taraflardan al\u0131nmaktad\u0131r.<\/p>\n\n\n\n<p><strong>Ki\u015fisel Veri Aktar\u0131m ve Ama\u00e7lar\u0131<\/strong><\/p>\n\n\n\n<p>Ki\u015fisel verileriniz KVKK Md.28\/1 \u00e7er\u00e7evesinde talep edilmesi halinde ayd\u0131nlatma y\u00fck\u00fcml\u00fcl\u00fc\u011f\u00fc olmadan ve a\u00e7\u0131k r\u0131zan\u0131z aranmadan ilgili makamlara aktar\u0131labilir.<\/p>\n\n\n\n<p>\u0130\u015flenen ki\u015fisel veriler; hukuki uyu\u015fmazl\u0131klar\u0131n giderilmesi veya ilgili mevzuat gere\u011fi talep halinde adli makamlar veya ilgili kolluk kuvvetlerine ya da idari makamlara kanunda \u00f6ng\u00f6r\u00fclen ama\u00e7\u0327 ve s\u0131n\u0131rlamalar dahilinde aktar\u0131labilir.<\/p>\n\n\n\n<p><strong>Veri Sorumlusu Hak ve Y\u00fck\u00fcml\u00fcl\u00fckleri<\/strong><\/p>\n\n\n\n<p>Veri sorumlusu olarak, 6698 KVKK ile di\u011fer ilgili kanunlara uygun olarak ki\u015fisel verileri i\u015fleme, ki\u015fisel verilerin hukuka ayk\u0131r\u0131 olarak i\u015flenmesini ve eri\u015filmesini \u00f6nleme, ki\u015fisel verilerin g\u00fcvenli bir \u015fekilde i\u015flenmesi ve muhafazas\u0131 i\u00e7in teknik ve fili imkanlar do\u011frultusunda yeterli g\u00fcvenlik tedbirlerini alma hak ve y\u00fck\u00fcml\u00fcl\u00fckleri bulunmaktad\u0131r.<\/p>\n\n\n\n<p>Ki\u015fisel Verileri gizli tutmay\u0131, gizlili\u011fin sa\u011flanmas\u0131 ve g\u00fcvenli\u011fi i\u00e7in gerekli teknik ve idari her t\u00fcrl\u00fc tedbiri almay\u0131 ve gerekli \u00f6zeni g\u00f6stermeyi taahh\u00fct etmekteyiz. Ki\u015fisel Veriler \u2018in korunmas\u0131 \u015eirketimiz i\u00e7in \u00f6nemli bir konudur. Ki\u015fisel Verilere yetkisiz eri\u015fim veya bu bilgilerin kayb\u0131, hatal\u0131 kullan\u0131m\u0131, if\u015fa edilmesi, de\u011fi\u015ftirilmesi veya imha edilmesine kar\u015f\u0131 korumak i\u00e7in gerekli teknik ve idari her t\u00fcrl\u00fc \u00f6nlemi al\u0131nmaktad\u0131r. Ki\u015fisel Veriler\u2019i i\u015flerken genel kabul g\u00f6rm\u00fc\u015f g\u00fcvenlik teknoloji standartlar\u0131 kullanmaktad\u0131r. Gerekli bilgi g\u00fcvenli\u011fi \u00f6nlemlerini almam\u0131za kar\u015f\u0131n, \u015firketimize ait internet sitesine ve veri i\u015fleme sistemlerimize y\u00f6nelik yap\u0131lan sald\u0131r\u0131lar sonucunda Ki\u015fisel Veriler \u2019in zarar g\u00f6rmesi veya \u00fc\u00e7\u00fcnc\u00fc ki\u015filerin eline ge\u00e7mesi durumunda, bu durumu derhal sizlere ve Ki\u015fisel Verileri Koruma Kurulu\u2019na bildirir ve gerekli \u00f6nlemleri al\u0131r\u0131z.<\/p>\n\n\n\n<p>A\u015fa\u011f\u0131da belirtilen hususlar\u0131n asgari birinin olmas\u0131 durumunda, KVKK madde 5 ve 6 da belirtildi\u011fi \u00fczere,&nbsp;<strong>a\u00e7\u0131k r\u0131za al\u0131nmasa dahi<\/strong>&nbsp;ki\u015fisel ve \u00f6zel nitelikli ki\u015fisel veriler belirtilen ama\u00e7lar do\u011frultusunda i\u015flenebilecektir.<\/p>\n\n\n\n<ul><li>\u0130lgili kanunlarda a\u00e7\u0131k\u00e7a \u00f6ng\u00f6r\u00fclmesi.<\/li><li>Bir hakk\u0131n tesisi, kullan\u0131lmas\u0131 veya korunmas\u0131 i\u00e7in veri i\u015flemenin zorunlu olmas\u0131.<\/li><li>Bir s\u00f6zle\u015fmenin kurulmas\u0131 veya ifas\u0131yla do\u011frudan do\u011fruya ilgili olmas\u0131 kayd\u0131yla s\u00f6zle\u015fmenin taraflar\u0131na ait ki\u015fisel verilerin islenmesinin gerekli olmas\u0131.<\/li><li>Veri sorumlusunun hukuki y\u00fck\u00fcml\u00fcl\u00fc\u011f\u00fcn\u00fc yerine getirebilmesi i\u00e7in zorunlu olmas\u0131.<\/li><li>\u0130lgili ki\u015finin (veri sahibi) kendisi taraf\u0131ndan alenile\u015ftirilmi\u015f\u0327 olmas\u0131.<\/li><li>Fiili imk\u00e2ns\u0131zl\u0131k nedeniyle r\u0131zas\u0131n\u0131 a\u00e7\u0131klayamayacak durumda bulunan veya r\u0131zas\u0131na hukuki ge\u00e7erlilik tan\u0131nmayan ki\u015finin kendisinin ya da bir ba\u015fkas\u0131n\u0131n hayat\u0131 veya beden b\u00fct\u00fcnl\u00fc\u011f\u00fcn\u00fcn korunmas\u0131 i\u00e7in zorunlu olmas\u0131.<\/li><li>\u0130lgili ki\u015finin temel hak ve \u00f6zg\u00fcrl\u00fcklerine zarar vermemek kayd\u0131yla, veri sorumlusunun me\u015fru menfaatleri i\u00e7in veri i\u015flenmesinin zorunlu olmas\u0131.<\/li><li>Sa\u011fl\u0131k ve cinsel hayata ili\u015fkin veriler d\u0131\u015f\u0131ndaki \u00f6zel nitelikli ki\u015fisel veriler (ki\u015filerin \u0131rk\u0131, etnik k\u00f6keni, siyasi d\u00fc\u015f\u00fcncesi, felsefi inanc\u0131, dini, mezhebi veya di\u011fer inan\u00e7lar\u0131, k\u0131l\u0131k ve k\u0131yafeti, dernek, vak\u0131f ya da sendika \u00fcyeli\u011fi, ceza mahk\u00fbmiyeti ve g\u00fcvenlik tedbirleriyle ilgili verileri ile biyometrik ve genetik verileri) a\u00e7\u0131s\u0131ndan i\u015flemenin kanunlarda \u00f6ng\u00f6r\u00fclmesi.<\/li><li>Sa\u011fl\u0131k ve cinsel hayata ili\u015fkin veriler a\u00e7\u0131s\u0131ndan kamu sa\u011fl\u0131\u011f\u0131n\u0131n korunmas\u0131, koruyucu hekimlik, t\u0131bb\u0131 te\u015fhis, tedavi ve bak\u0131m hizmetlerinin y\u00fcr\u00fct\u00fclmesi, sa\u011fl\u0131k hizmetleri ile finansman\u0131n\u0131n planlanmas\u0131 ve y\u00f6netimi amac\u0131yla, s\u0131r saklama y\u00fck\u00fcml\u00fcl\u00fc\u011f\u00fc alt\u0131nda bulunan ki\u015filer veya yetkili kurum ve kurulu\u015flar taraf\u0131ndan i\u015flenmesi.<\/li><\/ul>\n\n\n\n<p><strong>Veri Sahibi Hak ve Y\u00fck\u00fcml\u00fcl\u00fckleri<\/strong><\/p>\n\n\n\n<p>Veri sahibi 6698 say\u0131l\u0131 kanunun 11. Maddesinde yaz\u0131l\u0131 haklara sahiptir.<\/p>\n\n\n\n<ol type=\"1\"><li>a)&nbsp;Ki\u015fisel&nbsp;veri i\u015flenip i\u015flenmedi\u011fini \u00f6\u011frenme,<\/li><li>b)&nbsp;Ki\u015fisel&nbsp;verileri i\u015flenmi\u015fse buna ili\u015fkin bilgi talep etme,<\/li><li>c)&nbsp;Ki\u015fisel&nbsp;verilerin&nbsp;i\u015flenme amac\u0131n\u0131 ve bunlar\u0131n amac\u0131na uygun kullan\u0131l\u0131p kullan\u0131lmad\u0131\u011f\u0131n\u0131 \u00f6\u011frenme,<\/li><\/ol>\n\n\n\n<p>\u00e7) Yurt i\u00e7inde veya yurt d\u0131\u015f\u0131nda&nbsp;ki\u015fisel&nbsp;verilerin&nbsp;aktar\u0131ld\u0131\u011f\u0131 \u00fc\u00e7\u00fcnc\u00fc ki\u015fileri bilme,<\/p>\n\n\n\n<ol type=\"1\"><li>d)&nbsp;Ki\u015fisel&nbsp;verilerin&nbsp;eksik veya yanl\u0131\u015f i\u015flenmi\u015f olmas\u0131 h\u00e2linde bunlar\u0131n d\u00fczeltilmesini isteme,<\/li><li>e) 7 nci maddede \u00f6ng\u00f6r\u00fclen \u015fartlar \u00e7er\u00e7evesinde&nbsp;ki\u015fisel&nbsp;verilerin&nbsp;silinmesini veya yok edilmesini isteme,<\/li><li>f) (d) ve (e) bentleri uyar\u0131nca yap\u0131lan i\u015flemlerin,&nbsp;ki\u015fisel&nbsp;verilerin&nbsp;aktar\u0131ld\u0131\u011f\u0131 \u00fc\u00e7\u00fcnc\u00fc ki\u015filere bildirilmesini isteme,<\/li><li>g) \u0130\u015flenen&nbsp;verilerin&nbsp;m\u00fcnhas\u0131ran otomatik sistemler vas\u0131tas\u0131yla analiz edilmesi suretiyle ki\u015finin kendisi aleyhine bir sonucun ortaya \u00e7\u0131kmas\u0131na itiraz etme,<\/li><\/ol>\n\n\n\n<p>\u011f)&nbsp;Ki\u015fisel&nbsp;verilerin&nbsp;kanuna ayk\u0131r\u0131 olarak i\u015flenmesi sebebiyle zarara u\u011framas\u0131 h\u00e2linde zarar\u0131n giderilmesini talep etme,<\/p>\n\n\n\n<p><strong>Talep ve Ba\u015fvuru<\/strong><\/p>\n\n\n\n<p>Yukar\u0131da belirtilen t\u00fcm haklar\u0131n\u0131z\u0131 kullanmak i\u00e7in ba\u015fvuru formunu ve kullanmak istedi\u011finiz hakka ili\u015fkin a\u00e7\u0131klamalar\u0131n\u0131z\u0131 i\u00e7eren metni,<\/p>\n\n\n\n<ul><li><strong><em>GSF GIDA SANAY\u0130 FAB. \u00dcRET\u0130M SAN. VE T\u0130C. A.\u015e<\/em><\/strong><\/li><li><strong>Osman Bey K\u00f6y\u00fc K\u00f6y Sk. No:302 Akyaz\u0131 \/ Sakarya <\/strong>adresine \u0131slak imzal\u0131 n\u00fcshas\u0131n\u0131 kimli\u011finizi tespit edici belgeler ile iletebilir<\/li><li><a href=\"mailto:kvkk@gsfgida.com.tr\">kvkk@gsfgida.com.tr<\/a> &nbsp;e-posta adresine iletebilir<\/li><li><a href=\"http:\/\/www.gsfgida.com.tr\">www.gsfgida.com.tr<\/a>&nbsp; &nbsp; adresinde bulunan Veri Sahibi ba\u015fvuru formu ile iletebilirsiniz.<\/li><\/ul>\n\n\n\n<p>Yukar\u0131da belirtilen \u015fekillerden biri ile imzalanmak suretiyle g\u00f6nderebilirsiniz.<\/p>\n\n\n\n<p>Talebiniz bize ula\u015ft\u0131ktan sonra 30 g\u00fcn i\u00e7erisinde sizlere burada belirtilen kanallardan geri d\u00f6n\u00fc\u015f yap\u0131larak bilgilendirme yap\u0131lacakt\u0131r.<\/p>\n\n\n\n<p>Ki\u015fisel Verileri Koruma Kurumu taraf\u0131ndan getirilecek yeni d\u00fczenlemeler kapsam\u0131nda gelecekte vuku bulacak t\u00fcm geli\u015fmelere g\u00f6re ayd\u0131nlatma metnin de de\u011fi\u015fiklik yapma hakk\u0131m\u0131z sakl\u0131d\u0131r.<\/p>\n\n\n\n<p><strong>AYDINLATMA Y\u00dcK\u00dcML\u00dcL\u00dc\u011e\u00dc<\/strong><\/p>\n\n\n\n<p>\u0130\u015fbu metini tebli\u011f almakla 6698 say\u0131l\u0131 Ki\u015fisel Verilerin Korunmas\u0131 Kanunu kapsam\u0131nda taraf\u0131n\u0131za ayd\u0131nlatma y\u00fck\u00fcml\u00fcl\u00fc\u011f\u00fc yerine getirilmi\u015ftir.<\/p>\n\n\n\n<p>6698 say\u0131s\u0131 Ki\u015fisel Verilerin Korunmas\u0131 Kanunu kapsam\u0131nda, yukar\u0131da belirtilen ki\u015fisel verilerimin i\u015flenmesine y\u00f6nelik bu ayd\u0131nlatma metninde belirtilen bilgileri t\u00fcm&nbsp;<strong><em>ziyaret\u00e7i, \u00e7al\u0131\u015fan aday\u0131, \u00e7al\u0131\u015fan, tedarik\u00e7i ve m\u00fc\u015fterilerimiz<\/em><\/strong>&nbsp;i\u00e7in ge\u00e7erlidir.<\/p>\n\n\n\n<figure class=\"wp-block-image size-large\"><img loading=\"lazy\" width=\"800\" height=\"500\" src=\"https:\/\/gsfgida.com.tr\/wp-content\/uploads\/2020\/12\/123456.png\" alt=\"\" class=\"wp-image-1077\" srcset=\"https:\/\/gsfgida.com.tr\/wp-content\/uploads\/2020\/12\/123456.png 800w, https:\/\/gsfgida.com.tr\/wp-content\/uploads\/2020\/12\/123456-300x188.png 300w, https:\/\/gsfgida.com.tr\/wp-content\/uploads\/2020\/12\/123456-768x480.png 768w, https:\/\/gsfgida.com.tr\/wp-content\/uploads\/2020\/12\/123456-600x375.png 600w\" sizes=\"(max-width: 800px) 100vw, 800px\" \/><\/figure>\n","protected":false},"excerpt":{"rendered":"<p>Veri Sorumlusu ve \u0130lgili Ki\u015fi Bilgisi 6698 say\u0131l\u0131 Ki\u015fisel Verilerin Korunmas\u0131 Kanunu\u2019na g\u00f6re haz\u0131rlanm\u0131\u015f olup,&nbsp;GSF GIDA SANAY\u0130 FAB. \u00dcRET\u0130M SAN. VE T\u0130C. A.\u015e sizinle ilgili ki\u015fisel verileri i\u015flemesi, veri i\u015fleme ama\u00e7lar\u0131n\u0131 belirlemesi, veri i\u015fleme sisteminin kurulmas\u0131 ve i\u015fletilmesi sebebiyle veri sorumlusudur.&nbsp;GSF GIDA SANAY\u0130 FAB. \u00dcRET\u0130M SAN. VE T\u0130C. A.\u015e taraf\u0131ndan, ki\u015fisel verisi i\u015flenen ger\u00e7ek ki\u015filer, [&hellip;]<\/p>\n","protected":false},"author":1,"featured_media":0,"parent":0,"menu_order":0,"comment_status":"closed","ping_status":"closed","template":"","meta":[],"_links":{"self":[{"href":"https:\/\/gsfgida.com.tr\/index.php?rest_route=\/wp\/v2\/pages\/1076"}],"collection":[{"href":"https:\/\/gsfgida.com.tr\/index.php?rest_route=\/wp\/v2\/pages"}],"about":[{"href":"https:\/\/gsfgida.com.tr\/index.php?rest_route=\/wp\/v2\/types\/page"}],"author":[{"embeddable":true,"href":"https:\/\/gsfgida.com.tr\/index.php?rest_route=\/wp\/v2\/users\/1"}],"replies":[{"embeddable":true,"href":"https:\/\/gsfgida.com.tr\/index.php?rest_route=%2Fwp%2Fv2%2Fcomments&post=1076"}],"version-history":[{"count":1,"href":"https:\/\/gsfgida.com.tr\/index.php?rest_route=\/wp\/v2\/pages\/1076\/revisions"}],"predecessor-version":[{"id":1078,"href":"https:\/\/gsfgida.com.tr\/index.php?rest_route=\/wp\/v2\/pages\/1076\/revisions\/1078"}],"wp:attachment":[{"href":"https:\/\/gsfgida.com.tr\/index.php?rest_route=%2Fwp%2Fv2%2Fmedia&parent=1076"}],"curies":[{"name":"wp","href":"https:\/\/api.w.org\/{rel}","templated":true}]}}